{"id":19,"date":"2022-06-03T17:59:12","date_gmt":"2022-06-03T22:59:12","guid":{"rendered":"https:\/\/www.tec-sur.com.mx\/?page_id=19"},"modified":"2023-07-03T17:01:46","modified_gmt":"2023-07-03T22:01:46","slug":"nosotros","status":"publish","type":"page","link":"https:\/\/www.tec-sur.com.mx\/index.php\/nosotros\/","title":{"rendered":"Nosotros"},"content":{"rendered":"\r\n<p><strong>TECSur<\/strong> es una empresa especializada en varios ejes desde la seguridad de la informaci\u00f3n la cual ofrece a las entidades, un an\u00e1lisis de riesgos y propuestas de mejora para potencializar su confianza dentro de la red de Internet, ello a trav\u00e9s de capacitaciones a su personal esencial, as\u00ed como a titulares. Del mismo modo, se les brinda acompa\u00f1amiento en la implementaci\u00f3n de Sistemas de Gesti\u00f3n de Seguridad de la Informaci\u00f3n, esto con el objetivo de dar una cobertura integral, as\u00ed como, en proyectos de dom\u00f3tica, telecomunicaciones, redes y energ\u00edas renovables.<\/p>\r\n","protected":false},"excerpt":{"rendered":"<p>TECSur es una empresa especializada en varios ejes desde la seguridad de la informaci\u00f3n la cual ofrece a las entidades, un an\u00e1lisis de riesgos y propuestas de mejora para potencializar su confianza dentro de la red de Internet, ello a trav\u00e9s de capacitaciones a su personal esencial, as\u00ed como a titulares. Del mismo modo, se [&hellip;]<\/p>\n","protected":false},"author":1,"featured_media":0,"parent":0,"menu_order":0,"comment_status":"closed","ping_status":"closed","template":"","meta":{"footnotes":""},"class_list":["post-19","page","type-page","status-publish","hentry"],"_links":{"self":[{"href":"https:\/\/www.tec-sur.com.mx\/index.php\/wp-json\/wp\/v2\/pages\/19","targetHints":{"allow":["GET"]}}],"collection":[{"href":"https:\/\/www.tec-sur.com.mx\/index.php\/wp-json\/wp\/v2\/pages"}],"about":[{"href":"https:\/\/www.tec-sur.com.mx\/index.php\/wp-json\/wp\/v2\/types\/page"}],"author":[{"embeddable":true,"href":"https:\/\/www.tec-sur.com.mx\/index.php\/wp-json\/wp\/v2\/users\/1"}],"replies":[{"embeddable":true,"href":"https:\/\/www.tec-sur.com.mx\/index.php\/wp-json\/wp\/v2\/comments?post=19"}],"version-history":[{"count":3,"href":"https:\/\/www.tec-sur.com.mx\/index.php\/wp-json\/wp\/v2\/pages\/19\/revisions"}],"predecessor-version":[{"id":196,"href":"https:\/\/www.tec-sur.com.mx\/index.php\/wp-json\/wp\/v2\/pages\/19\/revisions\/196"}],"wp:attachment":[{"href":"https:\/\/www.tec-sur.com.mx\/index.php\/wp-json\/wp\/v2\/media?parent=19"}],"curies":[{"name":"wp","href":"https:\/\/api.w.org\/{rel}","templated":true}]}}